956?
False
Does 358 divide 1267526?
False
Is 130447 a multiple of 445?
False
Is 5 a factor of 262485?
True
Is 3 a factor of 152152?
False
Is 1240818 a multiple of 30?
False
Is 4977719 a multiple of 21?
False
Is 1404275 a multiple of 230?
False
Is 7 a factor of 95203?
False
Is 51 a factor of 42585?
True
Is 25 a factor of 189033?
False
Is 7 a factor of 6350281?
True
Is 3134 a multiple of 2?
True
Does 16 divide 12770962?
False
Is 226237 a multiple of 18?
False
Does 102 divide 156451?
False
Is 9 a factor of 1900499?
False
Does 449 divide 391977?
True
Does 116 divide 593975?
False
Is 72 a factor of 5138?
False
Does 139 divide 139000?
True
Is 575937 a multiple of 12?
False
Is 397936 a multiple of 266?
True
Does 28 divide 467095?
False
Does 37 divide 168246?
False
Does 211 divide 624746?
False
Is 8 a factor of 160768?
True
Is 25 a factor of 1662261?
False
Is 202 a factor of 289668?
True
Is 76 a factor of 39140?
True
Does 3 divide 534545?
False
Is 850158 a multiple of 1314?
True
Is 57847 a multiple of 10?
False
Is 9585108 a multiple of 18?
True
Is 243350 a multiple of 359?
False
Does 4 divide 100044?
True
Does 23 divide 42188?
False
Does 359 divide 6033713?
True
Does 169 divide 24153?
False
Does 12 divide 667455?
False
Is 2 a factor of 762862?
True
Is 20 a factor of 87585?
False
Does 72 divide 5342056?
False
Is 71 a factor of 1061456?
False
Is 29807 a multiple of 13?
False
Does 497 divide 539245?
True
Is 107730 a multiple of 378?
True
Is 25 a factor of 17550?
True
Is 2006351 a multiple of 240?
False
Is 1871730 a multiple of 21?
True
Is 39 a factor of 476398?
False
Is 164 a factor of 5410524?
True
Is 7 a factor of 34132?
True
Is 91377 a multiple of 11?
True
Is 27 a factor of 5435?
False
Is 95051 a multiple of 11?
True
Is 245943 a multiple of 437?
False
Is 1035650 a multiple of 1345?
True
Is 9 a factor of 447849?
True
Is 23032 a multiple of 73?
False
Does 4 divide 1337260?
True
Is 239 a factor of 94888?
False
Does 26 divide 584896?
True
Is 30 a factor of 589402?
False
Does 186 divide 953064?
True
Does 105 divide 642115?
False
Is 2537375 a multiple of 4?
False
Is 3343766 a multiple of 307?
False
Does 6 divide 6120?
True
Is 17008186 a multiple of 1361?
False
Is 534 a factor of 5046262?
False
Is 30 a factor of 2636640?
True
Is 82 a factor of 161501?
False
Does 32 divide 9920?
True
Does 266 divide 3023444?
False
Is 59712 a multiple of 48?
True
Does 7 divide 7609?
True
Is 68 a factor of 681088?
True
Is 326 a factor of 5033958?
False
Is 28 a factor of 381332?
True
Is 4001850 a multiple of 9?
True
Is 201223 a multiple of 11?
True
Is 306450 a multiple of 225?
True
Does 181 divide 1053337?
False
Is 268 a factor of 286760?
True
Does 34 divide 37773?
False
Is 2029313 a multiple of 11?
True
Does 13 divide 1629060?
False
Is 28025 a multiple of 5?
True
Is 5018 a multiple of 26?
True
Is 47 a factor of 2035100?
True
Is 33 a factor of 59996?
False
Is 93 a factor of 73751?
False
Is 405233 a multiple of 15?
False
Is 139404 a multiple of 12?
True
Is 373 a factor of 2577173?
False
Is 44 a factor of 1586304?
False
Is 39 a factor of 495573?
True
Is 34 a factor of 1064200?
True
Does 97 divide 148022?
True
Is 182629 a multiple of 80?
False
Does 61 divide 88877?
True
Does 11 divide 21011?
False
Is 105 a factor of 131682?
False
Does 307 divide 648077?
True
Is 2211491 a multiple of 769?
False
Does 9 divide 3101742?
True
Is 27 a factor of 416254?
False
Does 449 divide 1104091?
True
Does 109 divide 126767?
True
Does 5 divide 14775?
True
Does 679 divide 263742?
False
Does 151 divide 1824533?
True
Is 9299099 a multiple of 41?
False
Is 72292 a multiple of 23?
False
Is 1518 a factor of 1757920?
False
Does 59 divide 242136?
True
Is 2 a factor of 898955?
False
Does 86 divide 29101?
False
Is 100402 a multiple of 34?
True
Is 66 a factor of 4544562?
True
Does 23 divide 193453?
True
Does 19 divide 1362623?
True
Does 21 divide 9660?
True
Is 148 a factor of 11988?
True
Is 22 a factor of 12640782?
True
Is 72 a factor of 775296?
True
Does 790 divide 10981225?
False
Does 68 divide 83166?
False
Does 13 divide 3936?
False
Is 39 a factor of 44187?
True
Is 180 a factor of 336600?
True
Is 6541136 a multiple of 154?
False
Is 37 a factor of 119029?
True
Is 239 a factor of 2390?
True
Does 35 divide 1076005?
True
Is 1996038 a multiple of 198?
True
Is 353 a factor of 261573?
True
Does 11 divide 159049?
True
Is 135267 a multiple of 3?
True
Is 32707 a multiple of 3?
False
Is 69047 a multiple of 11?
True
Does 7 divide 83020?
True
Is 34 a factor of 2971885?
False
Does 24 divide 918360?
True
Does 546 divide 154149?
False
Does 247 divide 21950643?
True
Does 21 divide 3985212?
True
Is 10 a factor of 1789140?
True
Does 45 divide 88550?
False
Is 536590 a multiple of 115?
True
Is 56436 a multiple of 33?
False
Does 12 divide 116136?
True
Is 61 a factor of 278815?
False
Does 18 divide 9523?
False
Is 235 a factor of 161915?
True
Is 1824107 a multiple of 23?
True
Is 100203 a multiple of 19?
False
Is 43 a factor of 145942?
True
Does 19 divide 1177734?
True
Is 4 a factor of 10205?
False
Is 128 a factor of 4833197?
False
Is 4 a factor of 2096133?
False
Is 107 a factor of 110362?
False
Is 10 a factor of 16967574?
False
Does 3 divide 1246361?
False
Is 3807440 a multiple of 3?
False
Is 42 a factor of 2515242?
False
Does 39 divide 559089?
False
Is 14 a factor of 558529?
False
Is 511129 a multiple of 112?
False
Does 56 divide 743400?
True
Does 22 divide 292632?
False
Is 317 a factor of 281179?
True
Is 181526 a multiple of 187?
False
Is 2598591 a multiple of 10?
False
Does 31 divide 144088?
True
Is 4 a factor of 24884?
True
Does 38 divide 160778?
True
Is 19285 a multiple of 24?
False
Is 45881 a multiple of 33?
False
Is 328484 a multiple of 6?
False
Is 150 a factor of 5491498?
False
Is 108 a factor of 104614?
False
Does 255 divide 26010?
True
Is 10 a factor of 13167600?
True
Is 28 a factor of 15512?
True
Is 4 a factor of 13577458?
False
Is 85 a factor of 119170?
True
Does 9 divide 432828?
True
Is 19152 a multiple of 21?
True
Is 4 a factor of 175506?
False
Is 795872 a multiple of 154?
True
Does 4 divide 469251?
False
Is 96276 a multiple of 62?
False
Does 96 divide 84422?
False
Is 24579 a multiple of 13?
False
Is 81702 a multiple of 54?
True
Does 153 divide 4280328?
True
Is 271 a factor of 38199?
False
Is 7 a factor of 126281?
False
Does 37 divide 198283?
True
Is 75496 a multiple of 6?
False
Does 4 divide 63808?
True
Is 623376 a multiple of 111?
True
Is 576 a factor of 8497728?
True
Does 180 divide 6879?
False
Does 70 divide 5391133?
False
Does 270 divide 31053?
False
Is 4113794 a multiple of 972?
False
Is 188728 a multiple of 248?
True
Does 5 divide 347652?
False
Is 183 a factor of 748287?
True
Is 1538254 a multiple of 13?
False
Is 1406151 a multiple of 513?
False
Is 47 a factor of 317955?
True
Is 1144206 a multiple of 7?
True
Is 1444732 a multiple of 270?
False
Is 256116 a multiple of 28?
True
Is 56 a factor of 900872?
True
Does 31 divide 263191?
False
Is 41 a factor of 286877?
True
Does 17 divide 1913567?
False
Is 164 a factor of 2132567?
False
Is 122640 a multiple of 7?
True
Does 12 divide 245760?
True
Does 129 divide 258629?
False
Does 4 divide 30016?
True
Is 188918 a multiple of 3?
False
Does 215 divide 353675?
True
Is 14 a factor of 1642046?
True
Does 5 divide 93234?
False
Is 106 a factor of 3556341?
False
Is 194 a factor of 479805?
False
Does 8 divide 741208?
True
Is 2121 a factor of 19539557?
False
Is 68 a factor of 2830908?
True
Is 696 a factor of 1886414?
False
Is 171 a factor of 547713?
True
Is 44 a factor of 1879944?
True
Is 9 a factor of 521217?
True
Is 7839096 a multiple of 76?
True
Is 361900 even?
True
Is 5 a factor of 133270?
True
Is 29 a factor of 830291?
False
Does 10 divide 37464?
False
Is 1546194 a multiple of 559?
True
Is 23 a factor of 8574986?
False
Does 10 divide 146730?
True
Does 95 divide 183255?
True
Is 250 a factor of 892250?
True
Is 232810 a multiple of 14?
False
Does 40 divide 29226?
False
Does 5 divide 3925?
True
Does 291 divide 1817586?
True
Is 2432795 a multiple of 212?
False
Is 651700 a multiple of 28?
True
Is 5400 a multiple of 24?
True
Is 58 a factor of 36250?
True
Does 222 divide 479076?
True
Is 2278709 a multiple of 4?
False
Is 314730 a multiple of 292?
False
Is 2415 a multiple of 23?
True